{"id":2587,"date":"2023-06-12T14:29:47","date_gmt":"2023-06-12T11:29:47","guid":{"rendered":"https:\/\/www.otiad.org.tr\/?page_id=2587"},"modified":"2025-07-21T09:58:02","modified_gmt":"2025-07-21T06:58:02","slug":"che-cose-otiad","status":"publish","type":"page","link":"https:\/\/www.otiad.org.tr\/it\/che-cose-otiad\/","title":{"rendered":"Che cos'\u00e8 Otiad?"},"content":{"rendered":"<div data-elementor-type=\"wp-page\" data-elementor-id=\"2587\" class=\"elementor elementor-2587\" data-elementor-post-type=\"page\">\n\t\t\t\t\t\t<section class=\"elementor-section elementor-top-section elementor-element elementor-element-77891248 elementor-section-boxed elementor-section-height-default elementor-section-height-default\" data-id=\"77891248\" data-element_type=\"section\" data-settings=\"{&quot;jet_parallax_layout_list&quot;:[]}\">\n\t\t\t\t\t\t<div class=\"elementor-container elementor-column-gap-default\">\n\t\t\t\t\t<div class=\"elementor-column elementor-col-100 elementor-top-column elementor-element elementor-element-5ccd2507\" data-id=\"5ccd2507\" data-element_type=\"column\">\n\t\t\t<div class=\"elementor-widget-wrap elementor-element-populated\">\n\t\t\t\t\t\t<div class=\"elementor-element elementor-element-6b8a2907 elementor-widget elementor-widget-text-editor\" data-id=\"6b8a2907\" data-element_type=\"widget\" data-widget_type=\"text-editor.default\">\n\t\t\t\t<div class=\"elementor-widget-container\">\n\t\t\t\t\t\t\t\t\t\n<p>OTIAD - Associazione degli imprenditori del settore tessile di Osmanbey<\/p>\n<p>L'Associazione degli imprenditori tessili di Osmanbey (OT\u0130AD) \u00e8 stata fondata nel 1999 per riunire gli imprenditori dell'industria tessile e rafforzare la solidariet\u00e0 settoriale. L'OT\u0130AD mira ad aumentare la competitivit\u00e0 dell'industria tessile turca nei mercati globali, incoraggiando la cooperazione e la condivisione di informazioni tra i suoi membri.<\/p>\n<p>OT\u0130AD, che fin dalla sua fondazione contribuisce al settore tessile e del pr\u00eat-\u00e0-porter a Istanbul e in Turchia, in particolare a Osmanbey, continua le sue attivit\u00e0 con organizzazioni fieristiche, incontri settoriali, seminari di formazione e progetti di responsabilit\u00e0 sociale.<\/p>\n<p>La nostra associazione ha adottato il principio di proteggere i diritti e gli interessi dei suoi membri, cercando soluzioni ai problemi del settore e contribuendo allo sviluppo economico del nostro Paese.<\/p>\n<p>OT\u0130AD continua a essere una piattaforma che plasma il futuro dell'industria tessile con l'idea di \"Siamo pi\u00f9 forti insieme\".<\/p>\n\t\t\t\t\t\t\t\t<\/div>\n\t\t\t\t<\/div>\n\t\t\t\t\t<\/div>\n\t\t<\/div>\n\t\t\t\t\t<\/div>\n\t\t<\/section>\n\t\t\t\t<\/div>","protected":false},"excerpt":{"rendered":"<p class=\"tx-excerpt\">OT\u0130AD \u2013 Osmanbey Tekstilci \u0130\u015f \u0130nsanlar\u0131 Derne\u011fi Osmanbey Tekstilci \u0130\u015f \u0130nsanlar\u0131 Derne\u011fi (OT\u0130AD), 1999 y\u0131l\u0131nda tekstil sekt\u00f6r\u00fcnde faaliyet g\u00f6steren i\u015f insanlar\u0131n\u0131 bir araya getirmek ve sekt\u00f6rel dayan\u0131\u015fmay\u0131 g\u00fc\u00e7lendirmek amac\u0131yla kurulmu\u015ftur. [&hellip;]\n<\/p>","protected":false},"author":1,"featured_media":0,"parent":0,"menu_order":0,"comment_status":"closed","ping_status":"closed","template":"","meta":{"footnotes":""},"class_list":["post-2587","page","type-page","status-publish","hentry"],"_links":{"self":[{"href":"https:\/\/www.otiad.org.tr\/it\/wp-json\/wp\/v2\/pages\/2587","targetHints":{"allow":["GET"]}}],"collection":[{"href":"https:\/\/www.otiad.org.tr\/it\/wp-json\/wp\/v2\/pages"}],"about":[{"href":"https:\/\/www.otiad.org.tr\/it\/wp-json\/wp\/v2\/types\/page"}],"author":[{"embeddable":true,"href":"https:\/\/www.otiad.org.tr\/it\/wp-json\/wp\/v2\/users\/1"}],"replies":[{"embeddable":true,"href":"https:\/\/www.otiad.org.tr\/it\/wp-json\/wp\/v2\/comments?post=2587"}],"version-history":[{"count":4,"href":"https:\/\/www.otiad.org.tr\/it\/wp-json\/wp\/v2\/pages\/2587\/revisions"}],"predecessor-version":[{"id":7788,"href":"https:\/\/www.otiad.org.tr\/it\/wp-json\/wp\/v2\/pages\/2587\/revisions\/7788"}],"wp:attachment":[{"href":"https:\/\/www.otiad.org.tr\/it\/wp-json\/wp\/v2\/media?parent=2587"}],"curies":[{"name":"wp","href":"https:\/\/api.w.org\/{rel}","templated":true}]}}

Che cos'è Otiad?

<div data-elementor-type="wp-page" data-elementor-id="2587" class="elementor elementor-2587" data-elementor-post-type="page">
						<section class="elementor-section elementor-top-section elementor-element elementor-element-77891248 elementor-section-boxed elementor-section-height-default elementor-section-height-default" data-id="77891248" data-element_type="section" data-settings="{&quot;jet_parallax_layout_list&quot;:[]}">
						<div class="elementor-container elementor-column-gap-default">
					<div class="elementor-column elementor-col-100 elementor-top-column elementor-element elementor-element-5ccd2507" data-id="5ccd2507" data-element_type="column">
			<div class="elementor-widget-wrap elementor-element-populated">
						<div class="elementor-element elementor-element-6b8a2907 elementor-widget elementor-widget-text-editor" data-id="6b8a2907" data-element_type="widget" data-widget_type="text-editor.default">
				<div class="elementor-widget-container">
									
<p>OTIAD - Associazione degli imprenditori del settore tessile di Osmanbey</p>
<p>L'Associazione degli imprenditori tessili di Osmanbey (OTİAD) è stata fondata nel 1999 per riunire gli imprenditori dell'industria tessile e rafforzare la solidarietà settoriale. L'OTİAD mira ad aumentare la competitività dell'industria tessile turca nei mercati globali, incoraggiando la cooperazione e la condivisione di informazioni tra i suoi membri.</p>
<p>OTİAD, che fin dalla sua fondazione contribuisce al settore tessile e del prêt-à-porter a Istanbul e in Turchia, in particolare a Osmanbey, continua le sue attività con organizzazioni fieristiche, incontri settoriali, seminari di formazione e progetti di responsabilità sociale.</p>
<p>La nostra associazione ha adottato il principio di proteggere i diritti e gli interessi dei suoi membri, cercando soluzioni ai problemi del settore e contribuendo allo sviluppo economico del nostro Paese.</p>
<p>OTİAD continua a essere una piattaforma che plasma il futuro dell'industria tessile con l'idea di "Siamo più forti insieme".</p>
								</div>
				</div>
					</div>
		</div>
					</div>
		</section>
				</div>

<p class="tx-excerpt">OTİAD – Osmanbey Tekstilci İş İnsanları Derneği Osmanbey Tekstilci İş İnsanları Derneği (OTİAD), 1999 yılında tekstil sektöründe faaliyet gösteren iş insanlarını bir araya getirmek ve sektörel dayanışmayı güçlendirmek amacıyla kurulmuştur. [&hellip;]
</p>
